n is divided by 23?
21
Let r = 157 - 104. What is the remainder when r is divided by 19?
15
Suppose -6*r + 2*r + 103 = -5*p, r = 4*p + 34. Calculate the remainder when r is divided by (-4)/2 - (-2 - 12).
10
Suppose 3*o + 4*z = 1, -2*z = 5*o - 3*z - 40. Calculate the remainder when ((-9)/12)/(5/(-180)) is divided by o.
6
Suppose 2*d = b + 190, d + 4*d - 3*b = 475. Calculate the remainder when d is divided by 24.
23
Suppose -8*p + 0*p = 0. Let m be (19*2)/((-2)/(-2)). Suppose p = -2*w + 5*s + 61, -2*w - 5*s + m = -w. What is the remainder when w is divided by 9?
6
Let r(k) = -k**3 + 3*k**2 - 4*k + 1. Calculate the remainder when r(-3) is divided by -3*-2*(-51)/(-18).
16
Let l = 97 + -52. Calculate the remainder when 224 is divided by l.
44
Let m(z) = 8*z**2 - 3*z - 8. What is the remainder when m(-3) is divided by 19?
16
Suppose 0 = 2*y - 24 + 4. Let o = -7 + 11. What is the remainder when y is divided by o?
2
Let i(g) = g**2 + 2. Let x = -3 + 7. Let f be i(x). Suppose f = 3*a + 4*y - 29, -3*a + 5*y + 56 = 0. What is the remainder when a is divided by 10?
7
Let m be (-4)/(-4)*(-2)/2. Calculate the remainder when -1*(m - 0)*17 is divided by 3*(3 - (-1 - -1)).
8
Let w(q) = -q**3 - q**2 + 4*q + 1. Suppose 0 = 4*g - 0*g + 16. What is the remainder when w(g) is divided by 12?
9
Suppose 0*k = -3*k + 27. Let m = k + 5. What is the remainder when (-101)/(-4) - (-6)/8 is divided by m?
12
Let v be (-4 - -4)/(-2 + 0). What is the remainder when v + 2 + (-88)/(-8) is divided by 5?
3
Let s(l) = 2*l**3 - 8*l**2 + 7*l - 7. Calculate the remainder when s(5) is divided by 16.
14
Let t = -34 - -61. Calculate the remainder when t is divided by 10.
7
Let t be -1*(-30 - -1 - 1). Suppose -t = 2*w - 4*w. Calculate the remainder when 44 is divided by w.
14
Let s = 10 - 4. Suppose -50 = 4*q - s*q. Calculate the remainder when q is divided by 9.
7
Let t(y) = -163*y - 2. Calculate the remainder when t(-1) is divided by 27.
26
Let h(q) = -17*q + 2. Let r be h(-2). Suppose 0*p + p = r. Let t = p + -12. Calculate the remainder when 70 is divided by t.
22
Suppose 0 = -3*g + 34 + 2. Let y = g + -8. What is the remainder when 14 is divided by y?
2
Let f(s) = -3*s + 8. Let q(b) = -9*b**3 + b**2 - 1. Let n be q(1). What is the remainder when f(n) is divided by 12?
11
Let w(u) = -u + 4. Suppose 0 = -10*r + 5*r + k - 24, -28 = 2*r - 5*k. Let z be (-2 + 1)/(2/r). Calculate the remainder when w(z) is divided by 2.
0
Let n(j) = j + 17. Calculate the remainder when n(-4) is divided by 7.
6
Let x(d) = d**2 - 7*d + 7. Suppose -2*c + 0*c = 24. Let v be (c/(-7))/(2/7). Calculate the remainder when x(v) is divided by 1.
0
Suppose 0 = -5*a - 0 + 20. Suppose -44 = f - a. What is the remainder when 51 is divided by f/(-4) - (-5 + 2)?
12
Let y(i) = -i**2 - 8*i - 10. Let k be y(-8). Calculate the remainder when 28 is divided by -3*(0 + k/3).
8
Let u(p) = -46*p**2 - p. Let c be u(-1). Let g = c + 68. What is the remainder when g is divided by 8?
7
Let z(o) = o**2 + o - 99. Let p be z(0). Suppose v + 58 = -0*v. Let t = v - p. Calculate the remainder when t is divided by 14.
13
Let o = 15 - 11. Calculate the remainder when 18 is divided by o.
2
Let n(p) = 2*p**2 + 20*p - 6. Calculate the remainder when 27 is divided by n(-11).
11
What is the remainder when 6 is divided by (-154)/44*(-24)/14*1?
0
Let t be ((-4)/(-6))/(2/15). Suppose t*d = 38 + 47. What is the remainder when 65 is divided by d?
14
Suppose i - 6 = 2. Let g be (-10 + 11)/(2/(-42)). Let s = g + 43. Calculate the remainder when s is divided by i.
6
Suppose -3*f + 19 = -5. What is the remainder when 23 is divided by f?
7
Suppose 2*c - 4*c = -48. What is the remainder when c is divided by 13?
11
Let u = 6 - 3. Let i(h) = -h**3 + 8*h**2 + h - 9. Let v be i(8). Let m = u - v. Calculate the remainder when m is divided by 2.
0
What is the remainder when 0 + 0 + 57 - (2 - 0) is divided by 28?
27
What is the remainder when 14 is divided by ((-5)/3 + 3)*6?
6
Suppose 5*i - 28 = -13. Suppose i*j = 4*j + 75. Let h = 130 + j. Calculate the remainder when h is divided by 19.
17
Let y(m) = m**3 + 3*m**2 - 3*m - 4. Let r = 5 + 1. Let k = 8 + r. Calculate the remainder when k is divided by y(-3).
4
Suppose 0 = -6*o + 8*o - 246. Calculate the remainder when o is divided by 32.
27
Suppose 0 = f - 4*f + 6. Let u be -4*f/(-4) + -4. What is the remainder when 25 is divided by u/(-2)*1*9?
7
Suppose -3*m = 4*o + m - 548, -279 = -2*o - m. Let j(i) = 77*i + 2. Let g be j(-1). Let c = g + o. Calculate the remainder when c is divided by 23.
21
Suppose 0 = 4*n + 12, 0 = -4*w + 4*n - 6*n + 14. What is the remainder when 8 is divided by w?
3
Suppose 19 = 2*i - 1. What is the remainder when 35 is divided by i?
5
What is the remainder when 63 is divided by (-12)/(1 - 7/4)?
15
Let t = 463 + -277. Calculate the remainder when t is divided by 47.
45
Let z be 1/2 + (-1)/2. Suppose -11*f + 9*f + 22 = z. What is the remainder when 41 is divided by f?
8
Suppose 5*h - 3*o - 18 = -5*o, 0 = 2*o - 8. Suppose -h*f - 21 - 6 = -n, -5*n + 2*f + 95 = 0. Calculate the remainder when n is divided by 9.
8
Suppose 91 - 37 = 6*c. Calculate the remainder when c is divided by 3.
0
Suppose 16 = -4*b + 3*x, 15 = -3*b - 2*x + 5*x. Let n be (-42 - (-1 + 0))/b. Let w = n + -15. What is the remainder when w is divided by 14?
12
Suppose -49 = -5*m + 11. What is the remainder when 69 is divided by m?
9
Let s(b) = b**2 - 6*b - 31. Let f be (-2)/(-8) + 218/(-8). Calculate the remainder when 2 - 1*4 - f is divided by s(-4).
7
Let c(q) = q + 2. Let g be c(4). Calculate the remainder when 2240/36 + g/(-27) is divided by 32.
30
Suppose 3*z - 4 = 2*n - 15, 3*n - 16 = 5*z. What is the remainder when 104 is divided by n?
6
Let o be (-1 - -2)*(6 + -6). Let c(l) = 3*l**3 + 22 - 2*l**3 - l**2 - 9 + l. What is the remainder when c(o) is divided by 4?
1
Suppose -3*v - 2*l = -0*l - 26, 4*v = -l + 28. Let b(z) = 0*z - 2*z**2 + 3*z**2 + 9 - 3*z. Calculate the remainder when b(v) is divided by 14.
13
Let u be -20 + (3 - (0 + 1)). Let j be 5/(-2)*u/15. Suppose 5*i - 27 - 46 = -4*l, 2*i - j*l - 20 = 0. Calculate the remainder when 36 is divided by i.
10
Suppose 108*p = 106*p + 12. Let v = 7 - 4. Calculate the remainder when p is divided by v.
0
Let w(s) = -s**3 + 6*s**2 + 10*s - 4. Let n = 25 + -15. Calculate the remainder when w(7) is divided by n.
7
Let x = -4 + 6. Let u = -44 - -62. Suppose -x = -p + u. What is the remainder when p is divided by 7?
6
Suppose 25 = 3*o - 5. Let y(l) = l**2 - 9*l - 7. Calculate the remainder when 4 is divided by y(o).
1
Let t = 5 - 11. Let h = t - -8. Suppose f - 9 = -2*z - 0*f, 5*z = h*f. What is the remainder when z is divided by 2?
0
Suppose 0 = n - 4*x + 11, 0*x - 6 = 2*n - 4*x. Suppose -7*k + 3*k - t + 25 = 0, -n*k + 40 = 3*t. What is the remainder when 23 is divided by (-4)/(-10) + 38/k?
7
Suppose -804 = -2*c - 4*c. What is the remainder when c is divided by 27?
26
Let h = 32 - 15. What is the remainder when (7 - 1/(-1))*6 is divided by h?
14
Suppose 12*h - 5*h = 203. Calculate the remainder when h is divided by 15.
14
Let t(u) = -u**2 - 4*u + 92. Suppose 0 = c - 4 - 3. Calculate the remainder when t(6) is divided by c.
4
Suppose 11*d = -9*d + 1160. Suppose 8*l - 80 = 4*l. Calculate the remainder when d is divided by l.
18
Let s = -36 + 57. Suppose -9*i - 8 = -13*i. Suppose i*u - 30 - 94 = 0. Calculate the remainder when u is divided by s.
20
Let z(r) = r**3 + 16*r**2 + 25*r - 12. Calculate the remainder when 117 is divided by z(-14).
27
Suppose -2*j + 3 = 5*x, -2*j + 5*x - 12 = -5*j. Let p = j - 5. Calculate the remainder when 6 is divided by p.
2
Let q(t) = -6*t - t**2 - 2 + 8*t + 0 + 2*t**2. What is the remainder when 36 is divided by q(-5)?
10
Let r = -10 + 19. Suppose -43*g + 41*g + 12 = 0. Calculate the remainder when r is divided by g.
3
Suppose -u + 5*u - 66 = y, 0 = -3*u - 5*y + 61. Calculate the remainder when 218 is divided by u.
14
Let h = -20 + 27. Let g(d) = -d**3 + 7*d**2 + 3. What is the remainder when 11 is divided by g(h)?
2
Let d(p) = p**3 - 2*p**2 + 3*p - 3. Let u be d(2). Suppose -36 = -u*g + 3. What is the remainder when 37 is divided by g?
11
Suppose 3*b - 4*f - 30 = 0, -4*b - 17 = -5*f - 56. Let j = 7 - 4. Suppose -j*u = -5*u + 22. What is the remainde